when w is divided by 7.
4
Let g(q) = -669*q**3 - q**2 + 1. What is the remainder when g(-1) is divided by 134?
133
Let t(x) = x**2 - 12*x - 12. Let a(u) = -12*u**2 - 2*u + 2. Let o be a(1). Let c be (18/o)/(9/(-84)). Calculate the remainder when 174 is divided by t(c).
14
Let r = -22492 + 22509. Calculate the remainder when r is divided by 1 + 3*(-4)/(-6).
2
Suppose -5*w + 107 = 4*i, 33*w - 9 = 30*w. Let z(s) = -s**3 - 4*s**2 - 3*s + 4. Calculate the remainder when i is divided by z(-3).
3
Suppose 5*p - 281 = 84. Suppose 3*n = -5*s - p, 67 = -5*s + n + 2*n. Let k = s + 26. Calculate the remainder when 69 is divided by k.
9
Let y = 72 + -55. Suppose 4*d - y = -5. Suppose -d - 2 = -o. What is the remainder when 17 is divided by o?
2
Let r = 1296 - 774. Calculate the remainder when r is divided by 233.
56
Suppose -h + 473 = -4*t, 2*h - 4*t - 1124 + 202 = 0. Calculate the remainder when h is divided by 56.
1
Let p = 352 - 344. Suppose p = -7*v + 316. Calculate the remainder when 162 is divided by v.
30
Let t = -874 - -883. Suppose 4*n + 2*q - 4*q = 28, -n + 2*q + 1 = 0. What is the remainder when 1 + 55 + n/(-3) is divided by t?
8
What is the remainder when (66828/(-144) - 14)*-12 is divided by 66?
61
Suppose -2*j = j + 12, -43 = -3*p - 5*j. Suppose 5*w + p = 3*s + 121, 4*s - 31 = -3*w. Calculate the remainder when w is divided by 9.
8
Let h = -42 + 46. Suppose 0 = -4*r - h*r + 1024. Let q = r - 95. Calculate the remainder when q is divided by 7.
5
Let i = -23 - -47. Calculate the remainder when ((-4)/6)/((-9)/(67851/14)) is divided by i.
23
Suppose 5*y = 4*k + 143, -y - 2*k + 185 = 176. What is the remainder when 8528 is divided by y?
18
Suppose -455 = -17*x + 12*x. Let c = x + -78. Suppose 0*j + c*j - 91 = 0. Calculate the remainder when j is divided by 6.
1
What is the remainder when 1424/14 + (-4)/(-14) is divided by 4 - (7650/(-315) + (-6)/(-21))?
18
Suppose 139 = 15*c - 86. Suppose -4*q = -9*q + 140. Calculate the remainder when q is divided by c.
13
Suppose -159*m + 158*m = -3*t - 557, -m = -4*t - 563. What is the remainder when 564 is divided by m?
25
Let v = 3 + -1. Let j(d) = -4*d + 122. Let x be j(20). Suppose x = 2*b - v. Calculate the remainder when b is divided by 8.
6
Let m(x) = -16*x + 142. Let k be m(9). Let g = -13 + -21. What is the remainder when (g/4)/(k/4) is divided by 10?
7
Suppose -66 = -t - 5*x, 3*t + 5*x - 191 + 3 = 0. What is the remainder when 2695 is divided by t?
11
What is the remainder when (5/((-40)/(-924)))/(5/90) is divided by 16?
15
Let y(c) = -c**2 - 12*c - 5. Let v be y(-32). Let z = -604 - v. Calculate the remainder when z is divided by 2.
1
Let p(i) = 191*i - 9. Let c be p(2). Suppose 3*v + 196 = c. Calculate the remainder when 116 is divided by v.
57
Suppose 0 = -51*z + 54*z - 756. Suppose 1460 + z = 4*q. Calculate the remainder when q is divided by 72.
68
Let z = 45934 - 45630. What is the remainder when 6385 is divided by z?
1
Let x = 4 - 1. Let q(u) = 2*u**2 - 8*u + 4. Let i be q(4). Suppose 6*d + 4*n + 4 = 8*d, 4*n = -i*d + 20. What is the remainder when d is divided by x?
1
What is the remainder when 85 is divided by ((-6)/(-8) - (-10)/5)/((-11)/(-44))?
8
Suppose -16 = 4*y, 0 = -3*m + 3*y + 379 - 70. Let v = 26 - 50. Calculate the remainder when m is divided by ((-17)/4)/(3/v).
31
Let a = -527 + 530. What is the remainder when 156 is divided by (a/9)/((-9)/(-1674))?
32
Suppose 1283*i = 13617 + 41552. Suppose -j = 4*n - 143, -4*j + n - 3*n + 642 = 0. Calculate the remainder when j is divided by i.
34
Suppose 4*x - 11*f = -15*f + 108, 3*x = f + 73. Suppose j + 51 = 2*j + 5*w, -3*j + 2*w + 136 = 0. Calculate the remainder when j is divided by x.
21
Suppose -215 = -46*k - 159*k + 195. What is the remainder when 79 is divided by k?
1
Suppose -4*z + 16 = 4*s - 364, 2*s - 12 = 0. Calculate the remainder when 621 is divided by z.
87
Let q(n) = n - 14. Let h be q(-10). Let y = 124 - h. Let v(c) = 3*c**3 + 2*c**2 - 2. What is the remainder when y is divided by v(2)?
28
Suppose 3*j = -2*x + 79, 5*j + x - 125 = -4*x. Suppose 7*m - 16*m = 522. Let n = 172 + m. Calculate the remainder when n is divided by j.
27
Let c = -64 - -54. Calculate the remainder when (c/(-6))/((6 - 1)/285) is divided by 32.
31
Suppose -17*t + 14*t = 132. Let m be t*((-5)/(-1))/(-5). What is the remainder when -273*(3 + (m/12)/(-1)) is divided by 46?
44
What is the remainder when 116 is divided by 604/10 - (-13)/((-1170)/36)?
56
Let r(f) = 11*f - 174. Let a be r(16). Suppose 3*b - 768 = -4*l, 17*l - a*b + 386 = 19*l. Calculate the remainder when l is divided by 10.
9
Let g(s) = s + 96. Calculate the remainder when -3 + (102/(-1))/(-2) is divided by g(-69).
21
Let c = -4548 - -4589. What is the remainder when 285 is divided by c?
39
Let w(h) = -h + 1. Suppose -c - 39 = -4. Let p = c - -30. Calculate the remainder when 26 is divided by w(p).
2
Suppose -502*m + 505*m = 102. Let d = m - -189. What is the remainder when d is divided by 15?
13
Suppose -7*u - 38 = -24. What is the remainder when 708 is divided by (4 + -81 + (4 - u))/(-1)?
69
Suppose 329*m - 1832 = 217*m + 3208. What is the remainder when 808 is divided by m?
43
Calculate the remainder when 619 is divided by (-84)/(-98) + (-528)/(-21) + 1.
25
Suppose 4*s = 2*g + 296, -17*g = -21*g - 3*s - 559. Let n = g + 173. What is the remainder when 46 is divided by n?
15
Let p(x) = 11*x**2 + 2*x + 11. Let r = -402 + 461. Calculate the remainder when p(3) is divided by r.
57
Let m = -10485 - -10674. What is the remainder when m is divided by 60?
9
Let k(c) = 8 - 2*c - c**2 + 6 - 4*c. Let z be (142/(-355))/(-1 - 7/(-5)) - 5. What is the remainder when 109 is divided by k(z)?
11
Let n(b) = -3*b**3 + 2*b**2 - 11*b - 42. What is the remainder when 4676 is divided by n(-3)?
86
Suppose -18*s = -2460 - 1716. Let g = -170 + s. Calculate the remainder when g is divided by 33.
29
Let y = 12978 - 12862. Calculate the remainder when 8929 is divided by y.
113
Let q = 96 + 11. Suppose q = 39*c - 244. Suppose o = -2*o - 4*i + 43, 5*o - 3*i = 33. What is the remainder when o is divided by c?
0
Let h(x) = -5*x**3 - 31*x**2 - 99*x - 23. What is the remainder when 517 is divided by h(-3)?
127
Suppose 716 = -18*h + 2372. Suppose 5*x - 191 = p + 62, 5*p + h = 2*x. Let n = x - 5. Calculate the remainder when n is divided by 16.
14
Let x = -5196 + 6719. What is the remainder when x is divided by 14?
11
Let w = -27 - -43. Let x(v) = v**2 - 31*v + 117. Let i be x(25). Let c = -24 - i. Calculate the remainder when w is divided by c.
7
Let y be 3/3*(-1 - 147). Suppose -g = 13*d - 16*d + 707, -4*g + 964 = 4*d. Let o = y + d. Calculate the remainder when o is divided by 16.
9
Let i = -198876 - -199061. What is the remainder when i is divided by 0 + -1 + (-14)/(-2)?
5
Let z(y) = 167*y + 6721. Calculate the remainder when 1021 is divided by z(-40).
37
Let l(i) = -66*i + 2. Let m = 80 - 78. Suppose m*g - 48 = -4*o, -5*g - o = -4*o - 185. What is the remainder when l(-2) is divided by g?
32
Suppose -4*a - n = -146 + 38, 0 = 2*a - 5*n - 54. Calculate the remainder when (-695)/(-15) - 1/3 is divided by 10/90 + 186/a.
4
Suppose -662*r + 259*r + 51181 = 0. Calculate the remainder when 392 is divided by r.
11
Let d(m) = -2*m - 7. Let y = -110 - -64. Let f = -53 - y. What is the remainder when d(f) is divided by 3?
1
Let f be (4 - -819) + (-6)/(-3). Let r = -585 + f. What is the remainder when r is divided by 61?
57
Suppose -45*c + 7033 = -1247. Let y(g) = -g**3 + 6*g**2 - 6*g + 7. Let j be y(5). Suppose -111 = -j*w - w. Calculate the remainder when c is divided by w.
36
Suppose -2*y + 558 = 2*t, -5*y + 773 = -5*t + 2188. Suppose 13*v - 1568 = -t. What is the remainder when 195 is divided by v?
96
Let x = -255 - 313. Let c = 581 + x. Calculate the remainder when 373 is divided by c.
9
Suppose -2*q + 7 = -q + 3*v, 5*q - 9 = -2*v. Suppose -35 = -4*t + q. Let b = 56 - t. Calculate the remainder when b is divided by 24.
23
Let b(s) = 29*s**2 - 561*s + 29. What is the remainder when b(20) is divided by 69?
64
Let u = 10340 + -10069. Calculate the remainder when 823 is divided by u.
10
Let w(p) = p**3 - 10*p**2 + 13*p - 6. Let l = -85560 - -85584. Calculate the remainder when w(9) is divided by l.
6
Suppose 3*a + 185 - 548 = 0. Suppos